units digit of j?
7
Let o(l) = 50*l + 4. What is the tens digit of o(5)?
5
Suppose -2*x + 181 = -103. What is the hundreds digit of x?
1
Suppose 6*a - 1 = 5*a, -3*a = -5*d + 62. What is the units digit of d?
3
Suppose 5*z - 12 - 8 = 5*r, r + 3*z - 12 = 0. Suppose r = 2*j + 2*j. Suppose 0 = -j*f + f - 6. What is the units digit of f?
6
Suppose 0*n + 36 = b + n, 3*n + 77 = 2*b. Let j = b + -10. What is the units digit of j?
7
Let u be 20/6*45/25. Suppose 0*n + 4*n + 16 = -2*z, -u = 2*n + 2*z. What is the units digit of (n + 0)*20/(-25)?
4
What is the tens digit of (-52)/((-3)/6*4)?
2
Let a(u) = u + 4. Let y be a(-3). Let r be ((-20)/(-8))/(1/2). Suppose r = j + y. What is the units digit of j?
4
Let d = -42 - -43. What is the units digit of d?
1
Suppose 11 = -2*x + 71. Suppose -m + x = -3*h, 2*m + h - 28 = -h. What is the units digit of m?
8
Let b(r) = -2*r**2 + 27*r - 23. Let i(t) = -t**2 + 13*t - 11. Let a(z) = 3*b(z) - 7*i(z). What is the units digit of a(10)?
8
Let q(p) = 3*p**2 + 2*p + 5. Let a be q(-5). What is the units digit of 28/a + 68/5?
4
Let c(j) = -j**3 + 11*j**2 - 8*j - 28. What is the units digit of c(9)?
2
Let c = -152 - -347. What is the tens digit of c?
9
Let s(a) = a**3 + 4*a**2 - 6*a - 6. What is the units digit of s(-4)?
8
Let u(k) = -k**2 + 11*k + 13. Let l be u(11). Suppose 2*y + l = 3*y. What is the tens digit of y?
1
Let l be 0 + 1 + 1*9. Suppose l = 2*b + 2. Suppose 4*h + 5*p = 64, -h - b*p = -6*h + 80. What is the units digit of h?
6
Let s(r) = -r**2 - r. Let c(t) = -11*t**2 - 4. Let x(n) = -c(n) - 3*s(n). What is the units digit of x(-2)?
4
Let a(x) = 4*x**2 + 6*x - 6. Let k(j) = -3*j**2 - 12 + 12*j**2 + 11*j + j. Let y(v) = -7*a(v) + 3*k(v). What is the units digit of y(-6)?
6
Let f = -4 + -4. Let b = f + 16. Suppose -5*k + 3*k - 22 = -5*t, t - 4*k - b = 0. What is the units digit of t?
4
What is the tens digit of (-1)/(-3) + (-318)/(-18) + 5?
2
Let x(n) be the first derivative of -n**3/3 - 3*n**2 + 6*n + 2. Let c be x(-6). Suppose 4*a = 2*g + 1 - 13, -c = -g + 5*a. What is the units digit of g?
6
Let n = 7 + -14. Let v = 6 + n. What is the units digit of (-1*1)/(v/8)?
8
Suppose 1197 = 4*w - 611. What is the units digit of w?
2
Let d(n) = -n. Let j(b) = 7. Let m(i) = 2*d(i) - j(i). Let q = -4 + -1. What is the units digit of m(q)?
3
Suppose 2*a - 8 = -36. Let c = 4 - 6. What is the tens digit of c/(-7) + (-150)/a?
1
Suppose 3*x - 3 = -0*x. Let u = x - -10. What is the tens digit of u?
1
Let m(v) = 36*v + 21. What is the tens digit of m(2)?
9
Let y = 2 - 0. Suppose b - y = -12. What is the units digit of (-75)/b - 2/(-4)?
8
Suppose 23*y - 22*y = 195. What is the tens digit of y?
9
Let z = 4 - 3. Let s be z/(((-12)/9)/4). Let c = 4 + s. What is the units digit of c?
1
Let k = 337 + -187. Suppose -4*n + k = n. What is the tens digit of n?
3
Suppose -2*o = 5*v - 20, 4*o - 40 = -0*v + 3*v. What is the units digit of o?
0
Let r = 19 - -2. What is the tens digit of r?
2
Suppose -7*m - 54 = -9*m. What is the units digit of m?
7
Suppose 2*d = -5*g + 8, 2*d + 6 = 4*g - 2*g. Suppose 0*r - 94 = -g*r. What is the units digit of r?
7
Let g = 13 + -18. Let i = -3 - g. Suppose -i*s = s - 3. What is the units digit of s?
1
Let l = -228 + 354. Let t = l - 66. What is the units digit of (-12)/(-5)*t/18?
8
Let s = 4 + 1. Let m(i) = -i**3 + 5*i**2 + 2. Let p be m(5). Suppose s - p = z. What is the units digit of z?
3
Let t(h) = -h**3 - 6*h**2 + 4*h + 9. Let m be t(-7). Suppose -2*s = -4*j - m, -44 = -2*s - 2*j - j. What is the units digit of s?
9
Suppose -5*x + 43 + 82 = 0. What is the tens digit of x?
2
Let d(a) = a**3 + 8*a**2 + 10*a. Let j be d(-7). Let y = j - -31. What is the units digit of y?
0
Let b(n) = 4 - 3*n + 2*n + 2. What is the units digit of b(-6)?
2
Suppose n - 78 - 24 = 0. What is the hundreds digit of n?
1
Let h(y) = -4 - 4 + 4 + 8*y**2 + 2*y - y**3 - 3*y**2. What is the units digit of h(5)?
6
Suppose 4*n = -2*i + 22, 3*i - 2*n - 15 = -6. Suppose -2*p + 6*p = 0. Suppose -i*d + 4 = -p*b + b, 0 = b + d - 8. What is the units digit of b?
9
Suppose -3*r + 86 + 64 = 0. What is the units digit of r?
0
Suppose 4*h - 12 = 4*o + 16, -4*h - 4*o = -60. What is the tens digit of h?
1
Let k be 24 + (-1 - (-3 - -4)). Suppose -z - 55 = -2*l, -3*l - 4*z + 99 = k. What is the tens digit of l?
2
Let m be 3/(-12) - (-14)/(-8). Let u be (1/m)/((-1)/30). Suppose -4*r + 5*w + 21 = 0, -5*r + u = -0*r + 5*w. What is the units digit of r?
4
Let c(r) be the second derivative of -r**5/20 - r**4/4 - r**3/3 - 3*r**2/2 - 2*r. Let b be (-6)/(-9) + (-11)/3. What is the units digit of c(b)?
3
Let i(f) = f**3 - 6*f**2 + 6*f - 1. Let k be i(5). What is the tens digit of ((-10)/(-4))/(1/k)?
1
Suppose 2*p - 7 = -2*c - 3*p, -5*c - 5*p = -10. Suppose 2 + c = 3*b. What is the units digit of b?
1
Let w = -40 + 97. What is the units digit of w/5 + (-2)/5?
1
Let v = -6 - -10. Suppose 0 = b - 4*i - 0*i - 19, i - 76 = -v*b. Suppose 15 = -3*k, 0*a + k - b = -2*a. What is the units digit of a?
2
Let s = 2 - -21. What is the tens digit of s?
2
Let x(l) = -2*l + 44. What is the units digit of x(7)?
0
Let p be 1*(11 - 0/1). Let g = p - 20. Let l(y) = -y - 2. What is the units digit of l(g)?
7
Let o = -17 + 28. What is the units digit of o?
1
Let d be (-3)/1 + (12 - 5). Suppose 3*q + 10 = -l - q, 0 = d*l - 3*q - 55. What is the tens digit of l?
1
Let d(x) = x**3 - 4*x**2 - 3*x - 2. Let s be d(5). Let z(l) = s*l - 8 - l**2 + l + 0*l. What is the units digit of z(7)?
6
Suppose 0*d = -3*j - 2*d, 2*j - 3*d - 13 = 0. What is the tens digit of 10/(-3 + 4) + j?
1
Let t(m) = 26*m - 14. What is the hundreds digit of t(13)?
3
Let d = 64 - 21. What is the tens digit of d?
4
Suppose -4*u + g + g + 46 = 0, -31 = -4*u - g. Let p be (-3)/(-1)*(-2)/(-3). Suppose -2*t + 18 = p*a, -5*t + 2*a = -36 - u. What is the units digit of t?
9
Let s(w) = -w - 7. Let p be s(-11). What is the units digit of (-22)/(-4) + 2/p?
6
Let n be (3/(-2) - -1)/(3/(-78)). Let i = 9 + -2. Let m = n + i. What is the tens digit of m?
2
Suppose 0 = 3*t + t - 96. Let n = t - 12. Suppose -3*r = -5*g - 8 - 22, 0 = -4*g - n. What is the units digit of r?
5
Let t = -8 - -13. Suppose -3*k + 2*l + 60 - 5 = 0, -t*k + l + 87 = 0. What is the units digit of k?
7
Suppose -h = -3*b + 10, -1 = 2*h - 5. Suppose -b*f - 7 = -103. What is the units digit of f?
4
Let k(i) = -i + 20. What is the units digit of k(12)?
8
Let o = 20 - 8. Suppose -o = w - 2*w. What is the units digit of w?
2
Let j be (-1 - 1)/2*3. Let z(t) be the third derivative of -t**6/120 - t**5/20 - t**4/12 - 2*t**3/3 - 2*t**2. What is the units digit of z(j)?
2
Let g(x) be the third derivative of 0 + 4/3*x**3 + x**2 + 0*x - 1/24*x**4. What is the units digit of g(7)?
1
Let t(h) = -6*h**2 - h - 1. Let p(y) = -5*y**2 - y - 1. Let r(k) = -4*p(k) + 3*t(k). Let w be r(-2). Let c = -4 + w. What is the units digit of c?
3
Suppose 0 = 5*g + 4*s - 371, 0 = 2*g + 3*s - 6*s - 130. What is the units digit of g?
1
Suppose 5*w = -1 + 6. What is the units digit of w?
1
Let z(k) = 2*k**2 - 8*k - 20. What is the hundreds digit of z(11)?
1
Suppose -13 = 4*d - 5, -5*h - d = 7. What is the units digit of (4 + h)*(-16)/(-12)?
4
Suppose 5*a + 2 = -5*i + 7, -4*a + 8 = 3*i. Let x(v) = -v**3 + 5*v**2 + 7*v - 3. Let k be x(6). Suppose -g = -a - k. What is the units digit of g?
8
What is the units digit of (0 + 1)/((-7)/(-210))?
0
Suppose 0 = -p + 3 - 0. Suppose 0 = 3*w - 0 - 6, 4 = -u + p*w. What is the units digit of 0 + u + 2 - 0?
4
Let h(s) = -s - 6. Let p be h(-5). What is the tens digit of 19 - (3 - 0)/p?
2
Let h be -1 + -1 + (4 - -169). Suppose 39 = 5*t - h. What is the units digit of t?
2
Let g(p) = p**3 - 3*p**2 - p - 2. Let j be g(3). Let b(d) = -d**2 - 4*d**2 + 4*d**2 - 7*d - 5. What is the units digit of b(j)?
5
Suppose -15*r = -12*r - 6. Suppose -r*c = 1 - 3. What is the units digit of c?
1
Suppose 0 = -p - 3*p + 300. What is the tens digit of p?
7
Let x(k) = k**3 - 9*k**2 + 4*k - 22. What is the units digit of x(9)?
4
Suppose p + 5*c = 3*p - 112, 0 = -4*p - c + 180. What is the units digit of p?
6
Let b be -1*(-1 - (6 - -2)). Suppose 5*l + 16 = -b. Let x(o) = o**3 + 5*o**2 - 2*o - 2. What is the units digit of x(l)?
8
Suppose 0 = 4*v - v + 3*k - 141, k = 4*v - 168. What i